0353753?
3
What is the hundred thousands digit of 2827517?
8
What is the tens digit of 775258?
5
What is the hundred thousands digit of 116613?
1
What is the hundreds digit of 1164249?
2
What is the units digit of 1229546?
6
What is the millions digit of 16814698?
6
What is the hundreds digit of 1902976?
9
What is the units digit of 336724?
4
What is the hundred thousands digit of 6092801?
0
What is the hundreds digit of 1705043?
0
What is the hundred thousands digit of 800004?
8
What is the tens digit of 613240?
4
What is the thousands digit of 581161?
1
What is the hundred thousands digit of 165296?
1
What is the hundreds digit of 290866?
8
What is the hundred thousands digit of 26475999?
4
What is the hundred thousands digit of 22813013?
8
What is the ten thousands digit of 436179?
3
What is the hundred thousands digit of 4214941?
2
What is the ten thousands digit of 91460?
9
What is the tens digit of 6252662?
6
What is the units digit of 55803?
3
What is the thousands digit of 24879751?
9
What is the units digit of 2178046?
6
What is the units digit of 8404371?
1
What is the hundreds digit of 12961474?
4
What is the hundred thousands digit of 260607?
2
What is the millions digit of 2847715?
2
What is the tens digit of 18456608?
0
What is the hundreds digit of 388640?
6
What is the units digit of 32025?
5
What is the units digit of 9581185?
5
What is the tens digit of 2337?
3
What is the hundred thousands digit of 146247?
1
What is the units digit of 2479652?
2
What is the hundred thousands digit of 6644647?
6
What is the millions digit of 1002121?
1
What is the tens digit of 5651352?
5
What is the hundreds digit of 220361?
3
What is the thousands digit of 454405?
4
What is the millions digit of 6614196?
6
What is the hundreds digit of 5305774?
7
What is the units digit of 727552?
2
What is the tens digit of 52483?
8
What is the thousands digit of 1247591?
7
What is the hundreds digit of 896719?
7
What is the ten millions digit of 14983168?
1
What is the hundreds digit of 83499?
4
What is the ten thousands digit of 331963?
3
What is the hundreds digit of 1722021?
0
What is the thousands digit of 228243?
8
What is the units digit of 273583?
3
What is the ten millions digit of 19220612?
1
What is the hundreds digit of 356603?
6
What is the hundred thousands digit of 798350?
7
What is the hundred thousands digit of 3069736?
0
What is the millions digit of 1712834?
1
What is the tens digit of 10753349?
4
What is the tens digit of 81460?
6
What is the units digit of 9011145?
5
What is the units digit of 644441?
1
What is the millions digit of 4982235?
4
What is the tens digit of 1759581?
8
What is the units digit of 122786?
6
What is the thousands digit of 1932295?
2
What is the ten thousands digit of 10753196?
5
What is the units digit of 192493?
3
What is the hundreds digit of 2093677?
6
What is the hundred thousands digit of 514964?
5
What is the hundreds digit of 3764?
7
What is the hundred thousands digit of 24902384?
9
What is the ten thousands digit of 2078057?
7
What is the millions digit of 43365987?
3
What is the ten thousands digit of 188061?
8
What is the tens digit of 2286120?
2
What is the thousands digit of 252227?
2
What is the tens digit of 436776?
7
What is the millions digit of 1916144?
1
What is the ten thousands digit of 552641?
5
What is the hundred thousands digit of 5470409?
4
What is the thousands digit of 3420802?
0
What is the ten thousands digit of 197022?
9
What is the thousands digit of 24546101?
6
What is the tens digit of 90094?
9
What is the tens digit of 650442?
4
What is the hundred thousands digit of 5451554?
4
What is the thousands digit of 9268079?
8
What is the hundreds digit of 67493?
4
What is the ten thousands digit of 449008?
4
What is the thousands digit of 2769861?
9
What is the thousands digit of 599288?
9
What is the hundred thousands digit of 345916?
3
What is the units digit of 26156881?
1
What is the thousands digit of 2601887?
1
What is the thousands digit of 2116468?
6
What is the thousands digit of 3001414?
1
What is the hundred thousands digit of 633578?
6
What is the tens digit of 943759?
5
What is the hundreds digit of 159856?
8
What is the millions digit of 1032990?
1
What is the units digit of 62791?
1
What is the hundreds digit of 9426669?
6
What is the ten thousands digit of 538228?
3
What is the units digit of 179974?
4
What is the thousands digit of 52568?
2
What is the millions digit of 2972082?
2
What is the ten thousands digit of 29906?
2
What is the units digit of 8808038?
8
What is the thousands digit of 5042569?
2
What is the millions digit of 8417739?
8
What is the thousands digit of 50416?
0
What is the hundred thousands digit of 6090734?
0
What is the thousands digit of 98030?
8
What is the ten thousands digit of 27375849?
7
What is the ten thousands digit of 328579?
2
What is the millions digit of 3838895?
3
What is the thousands digit of 4280636?
0
What is the units digit of 352784?
4
What is the hundred thousands digit of 111793?
1
What is the tens digit of 445583?
8
What is the hundred thousands digit of 454701?
4
What is the thousands digit of 332970?
2
What is the tens digit of 755689?
8
What is the millions digit of 23868242?
3
What is the thousands digit of 107983?
7
What is the units digit of 387751?
1
What is the hundreds digit of 173332?
3
What is the millions digit of 1869340?
1
What is the ten thousands digit of 2017081?
1
What is the millions digit of 9949093?
9
What is the millions digit of 19280880?
9
What is the millions digit of 38040155?
8
What is the ten thousands digit of 16326947?
2
What is the hundred thousands digit of 384726?
3
What is the units digit of 1045712?
2
What is the millions digit of 2571908?
2
What is the hundreds digit of 3003846?
8
What is the hundreds digit of 2942784?
7
What is the thousands digit of 744691?
4
What is the thousands digit of 4548721?
8
What is the hundreds digit of 41130?
1
What is the hundred thousands digit of 262342?
2
What is the hundred thousands digit of 2838323?
8
What is the hundred thousands digit of 1048241?
0
What is the tens digit of 96385?
8
What is the ten thousands digit of 595808?
9
What is the hundreds digit of 445686?
6
What is the thousands digit of 5023889?
3
What is the hundreds digit of 2353615?
6
What is the hundreds digit of 279050?
0
What is the tens digit of 4943215?
1
What is the tens digit of 5792?
9
What is the units digit of 15248268?
8
What is the hundred thousands digit of 287304?
2
What is the thousands digit of 247626?
7
What is the hundred thousands digit of 949617?
9
What is the hundred thousands digit of 370875?
3
What is the ten thousands digit of 508422?
0
What is the tens digit of 27509715?
1
What is the hundreds digit of 2136290?
2
What is the thousands digit of 397080?
7
What is the thousands digit of 887514?
7
What is the hundred thousands digit of 5421721?
4
What is the thousands digit of 4228302?
8
What is the tens digit of 15294914?
1
What is the tens digit of 3788336?
3
What is the thousands digit of 28915355?
5
What is the tens digit of 648408?
0
What is the tens digit of 3074808?
0
What is the tens digit of 2298750?
5
What is the hundreds digit of 27138946?
9
What is the ten thousands digit of 2058122?
5
What is the tens digit of 98336?
3
What is the ten thousands digit of 445040?
4
What is the millions digit of 2293626?
2
What is the ten millions digit of 18662329?
1
What is the hundred thousands digit of 36379362?
3
What is the millions digit of 7426868?
7
What is the tens digit of 27223854?
5
What is the hundred thousands digit of 15968003?
9
What is the hundreds digit of 1798208?
2
What is the thousands digit of 6623025?
3
What is the thousands digit of 4608377?
8
What is the hundred thousands digit of 367736?
3
What is the ten thousands digit of 6507717?
0
What is the units digit of 1397403?
3
What is the ten thousands digit of 16316853?
1
What is the hundreds digit of 2219553?
5
What is the thousands digit of 904741?
4
What is the tens digit of 26072915?
1
What is the tens digit of 483485?
8
What is the units digit of 28518246?
6
What is the hundreds digit of 19024666?
6
What is the tens digit of 1244929?
2
What is the millions digit of 2658260?
2
What is the t